actors of r?
3, 5
Suppose 0 = -4*d - 11 + 7. What are the prime factors of ((-4)/d - 2)*22?
2, 11
Let l(t) = -9*t + 10. What are the prime factors of l(-4)?
2, 23
Let x = -13 - 0. Let w = -9 - x. What are the prime factors of w?
2
Let a(t) = 7*t**3 - 5*t**2 - 9*t + 19. Let x(b) = -4*b**3 + 2*b**2 + 5*b - 10. Let d(u) = -3*a(u) - 5*x(u). What are the prime factors of d(5)?
3
Let q(l) = -l**3 - 3*l**2 + 6*l - 6. Let h be q(-6). Let j = h + -46. What are the prime factors of j?
2, 5
Let h(u) = -u - u**2 - u + 3*u**2. Let p be h(2). Suppose -23 - 25 = -p*m. List the prime factors of m.
2, 3
Suppose 3*z - x - 468 = 0, -3*x = 2*z + 2*z - 637. What are the prime factors of z?
157
Suppose q - 6 = 3*j, 0 = 2*q + q - 3*j - 6. Suppose 0*c = -3*c + 54. Suppose q = 3*w - 2*y - c, -4*w - w + 4*y + 30 = 0. What are the prime factors of w?
2, 3
Let l(r) = 8*r**2 + 9*r - 5. What are the prime factors of l(3)?
2, 47
Let m(w) = 3*w**3 + w**2. Suppose -3*q + 6 + 0 = 0. What are the prime factors of m(q)?
2, 7
Suppose -3*f + 4 = -k, 4 = f + k - 4. Suppose -f*j = -j - 30. What are the prime factors of j?
3, 5
Let j = 428 + -277. List the prime factors of j.
151
Let r = 4 - -1. Suppose -r*b + 24 = -51. Let o = b - 9. What are the prime factors of o?
2, 3
Suppose 2*w + y = 7, -3*w + y = 2*y - 10. Let d = w - 2. What are the prime factors of (1 - 3) + (14 - d)?
11
Let d be 7*12/63*3. Suppose -d*r + 12 = 0, -4*r + 6*r - 21 = -3*b. What are the prime factors of b?
5
What are the prime factors of (-2996)/(-36) - -4 - (-6)/(-27)?
3, 29
List the prime factors of (-3)/2*(-98)/21.
7
Suppose -2*y = 3*q - 310, 11 + 114 = q + 5*y. What are the prime factors of q?
2, 5
Let q = 67 + 27. List the prime factors of q.
2, 47
Suppose -w = 4*w - 95. Let d be 120/(-9) - 1/(-3). Let v = w + d. What are the prime factors of v?
2, 3
What are the prime factors of (1 + (-252)/(-35))/((-1)/(-5))?
41
Let l(p) = -p - 1. Let d be l(-2). Suppose d - 16 = -5*c. What are the prime factors of 1/(c/42 - 0)?
2, 7
Let c(z) be the first derivative of z**4/4 - 8*z**3/3 + 7*z**2/2 + 10*z + 1. List the prime factors of c(7).
2, 5
Let v be 21/(-6)*(-13 + -1). Suppose 5*a = -2*q + v, 5*a = q + 3*q - 23. What are the prime factors of 82/12 + 2/q?
7
Let g = -18 + 25. Let d = 17 - g. Let m = 8 + d. What are the prime factors of m?
2, 3
Suppose 0 + 24 = 4*r. Suppose -r = 4*s - 178. List the prime factors of s.
43
Let d(t) = t - 7. Let l be d(9). Suppose -30 = -l*r + 3*i, -4*r - r = -2*i - 64. List the prime factors of r.
2, 3
Let u(n) = n**2 - n + 2. Let l be u(-5). Let k(d) = 10*d**2 + 4*d - 3. Let i be k(2). Let q = i - l. List the prime factors of q.
13
Let w = -13 - -49. What are the prime factors of w?
2, 3
What are the prime factors of (222/5)/(12*(-1)/(-40))?
2, 37
Suppose 360 = 11*s - 8*s. List the prime factors of s.
2, 3, 5
Let q(w) be the second derivative of -w**6/360 + w**5/24 + w**4/24 + w**3/3 + 2*w. Let d(h) be the second derivative of q(h). List the prime factors of d(4).
5
Let h(t) = -t**3 + 5*t**2 + 4*t + 8. Let i be h(6). Let z(g) = -g**3 - 2*g**2 + 3*g - 2. What are the prime factors of z(i)?
2, 3
Suppose -5*r - 20 = -n, 2*r - 1 = 3*n - 9. Let m = r - -6. Suppose 0 = -m*v - 2, -4*l + 9 = -3*l + 2*v. What are the prime factors of l?
11
Suppose -6*z = -46 + 10. What are the prime factors of z?
2, 3
Let u(n) = 2*n. Suppose -1 + 5 = 2*o. Suppose -3*m - o*m = -30. List the prime factors of u(m).
2, 3
Suppose 3*l - 52 = 53. What are the prime factors of l?
5, 7
Suppose 2*f = -3*h + 4, 2*f + 2*f - h = 8. Suppose -3*d = -2*y - 124, -f*y - 197 + 29 = -4*d. List the prime factors of d.
2, 11
Suppose -5*n - 4*x + 23 = -8*x, -4*n = -3*x - 18. Suppose -30 = -4*z - 3*m, z - m - 28 = -4*z. Let y = z + n. What are the prime factors of y?
3
Let t = 80 + 44. What are the prime factors of t?
2, 31
Suppose -5*f - 20 = -5*t, 5*f - t - t + 5 = 0. Let p be 0 - 18/(1 + f). Let n = p + 11. What are the prime factors of n?
2
Let i(y) = 2*y - 5. Let u(c) = 0 - 1 + 0. Let w(t) = i(t) - 5*u(t). List the prime factors of w(4).
2
Let v = -520 + 882. List the prime factors of v.
2, 181
Let b = -10 + 20. What are the prime factors of b?
2, 5
Let o(z) = z**3 - 2*z**2 - 5*z - 2. Let w be (-9)/(-6)*(-24)/9. Let n = w - -8. What are the prime factors of o(n)?
2, 5
Suppose -463 + 1579 = 12*u. List the prime factors of u.
3, 31
Let z(v) = 4*v**3 + v**2 - 2*v + 1. Let a be z(1). What are the prime factors of 214/14 - a/14?
3, 5
Let z(v) = v**3 + 2*v**2 - 3*v - 3. Let x = -2 - -1. Let j = -3 - x. List the prime factors of z(j).
3
Suppose -18*u = -14*u - 344. What are the prime factors of u?
2, 43
What are the prime factors of (2/(-5) - (-754)/10) + 1?
2, 19
Suppose -2*w + 3*w + 1 = 0. Let v(m) = -m**3 - 6*m**2 + 8*m + 10. Let z be v(-7). Let k = w + z. What are the prime factors of k?
2
Let k = -48 + 70. What are the prime factors of k?
2, 11
Suppose -k + 54 = -37. Let c = -59 + k. List the prime factors of c.
2
Let p(b) = -b + 32. What are the prime factors of p(12)?
2, 5
Suppose -4*a + 276 = -2*a. List the prime factors of a.
2, 3, 23
Let t(b) = b**2 + b + 17. Let c be t(-9). Let y = -59 + c. What are the prime factors of y?
2, 3, 5
Suppose -3*o - 2*n - 2 = 0, -4*o - 18 = -3*o + 5*n. Suppose -o*u = -9 + 23. What are the prime factors of (2 - (1 + u)) + -1?
7
Suppose 4*s - 4*h = 152, 0 = -3*s - 2*s + 2*h + 184. List the prime factors of s.
2, 3
Suppose 4*a = 6*a - 20. Let b(o) = -o**3 + 10*o**2 + o + 6. What are the prime factors of b(a)?
2
Let b(j) = 3*j - 9. Let x be (1 + (-27)/(-6))*2. List the prime factors of b(x).
2, 3
What are the prime factors of (4 - 6) + 2 + 125?
5
Suppose 0 = -2*p + 5*m - 24, 5*p = -2*m - 0*m - 60. Suppose j = -c + 11, c + 8 = 5*c - 5*j. Let i = c - p. What are the prime factors of i?
19
Let t(d) = -19*d**3 + d + 1. Let p(b) = 0*b**2 - 2*b**2 + b**3 - 3*b + b**2 + 3 - 2. Let w be p(2). List the prime factors of t(w).
19
Let s(r) = 0 - 4*r - 2 - 1. Let g be 2/(-3) + 28/(-12). List the prime factors of s(g).
3
Let g be 4 + -5 - -3 - -48. Suppose 5*l - g - 70 = 0. List the prime factors of l.
2, 3
Let c(p) = -19*p**3 - p**2 + 1. Suppose 4*y = -4 - 0. List the prime factors of c(y).
19
Let i be (1*-3)/(6/(-4)). Let m be 1/(i + 17/(-9)). List the prime factors of (7 + -1)*12/m.
2
Suppose 3*x = 7*x. Let p = 16 + -14. Suppose x = -3*c - p*c + 10. What are the prime factors of c?
2
Let x = -23 + 33. Let d = 2 + x. List the prime factors of (-3)/(-12) + 117/d.
2, 5
Suppose 26 = 3*j - 2*j. Let u = -1 + 1. Suppose -5*g + s + j = u, -22 = 2*g - 3*g - 4*s. List the prime factors of g.
2, 3
Let y = -2 - 4. Let l = 10 + y. List the prime factors of l.
2
Suppose -4*k = -k - 12. What are the prime factors of k?
2
Suppose 5768 = -4*f - 2*b, -2*f - 2*b - 1195 = 1689. List the prime factors of f/(-49) + (-6)/14.
29
Let s(m) = -2*m**2 - 7*m - 8. Let j(r) = 3*r**2 + 13*r + 16. Let a(g) = -3*j(g) - 5*s(g). List the prime factors of a(-4).
2, 3
What are the prime factors of 48 - (16/(-4) + 8)?
2, 11
Let c be (-1265)/66 - 2/(-12). Let w = -12 - c. What are the prime factors of w?
7
Suppose k = 27 + 92. What are the prime factors of k?
7, 17
Let o = 51 + -36. List the prime factors of o.
3, 5
Let r(d) = 35*d**2 - d + 1. List the prime factors of r(1).
5, 7
Let z(h) = 2*h**2 + 2*h + 25. List the prime factors of z(0).
5
Suppose 0 = -3*u + 180 - 54. What are the prime factors of u?
2, 3, 7
Let n = 35 - 20. List the prime factors of n.
3, 5
Let b(z) = 6*z**2 + 3*z. Let n be b(-3). Suppose -2*p + n = p. What are the prime factors of p?
3, 5
Let f(u) = u. Let w(h) = -h**2 - 13*h + 12. Let k(v) = -5*f(v) + w(v). What are the prime factors of k(-16)?
2, 11
Suppose 2*s = -7 - 17. Suppose j - 112 = -4*w - w, -3*w = j - 68. Let v = s + w. What are the prime factors of v?
2, 5
Suppose -56 = -4*c - 5*m, 4*c - 14 = 3*c + 2*m. Suppose -5*o + 4*g + 23 = 0, -4*o - g + 2*g + c = 0. Let f = o + -1. What are the prime factors of f?
2
Let v(h) = 5*h**2 - 7. What are the prime factors of v(-6)?
173
Let g(t) = -2*t**2 + 12*t + 14. What are the prime factors of g(6)?
2, 7
Let u(w) = -w - 2. Let h be u(-3). Let g(f) = 3*f**2 - 2*f + 1. What are the prime factors of g(h)?
2
Suppose 0 = -2*p + 5*p + 24. Let m = p - -24. What are the prime factors of